. Calculate the remainder when 2158 is divided by b.
18
Let f = 45 - 162. Let d = f + 139. Let y = 36 + 6. What is the remainder when y is divided by d?
20
Suppose 2*w = 5*g - 57, 2*g - 3*w + 30 = 5*g. Let b = 6 + g. What is the remainder when 53 is divided by b?
2
Suppose 2*s - 166 - 16 = -5*z, -255 = -3*s - 3*z. Calculate the remainder when 1779 is divided by s.
78
Let r(g) = 2*g**3 - g**2 - 2*g - 4. Let v be 24/(-4)*((-4)/(-3) + -1). Let k be r(v). Let y = k - -143. What is the remainder when y is divided by 31?
30
Let y be 1 - 0 - (-30)/6. Let a = 2296 - 2180. Calculate the remainder when a is divided by (-82)/(-6) - y/9.
12
What is the remainder when 14133 is divided by (((-3)/(-1))/(-1))/(30/(-930))?
90
Let n = 242 + -213. Suppose 0 = -78*r + 89*r - 935. Calculate the remainder when r is divided by n.
27
Let h(k) = 13*k - 15. Calculate the remainder when 597 is divided by h(3).
21
Let l = -4 + 11. Suppose -2*y = y + 4*i - 466, 0 = -5*y - 4*i + 766. Calculate the remainder when 566/30 - (-20)/y is divided by l.
5
Let f(h) = -25*h - 61. Let p(g) = -26*g - 66. Let b(r) = -4*f(r) + 5*p(r). What is the remainder when 121 is divided by b(-5)?
57
Suppose -57*b + 76*b - 118503 = 0. What is the remainder when b is divided by 26?
23
Suppose -m - 5 = 0, -17*m - 86 = -y - 18*m. Calculate the remainder when (y - 1)*-5*32/(-200) is divided by 26.
20
Let p be 67 + 1*(-3 - 0). Let u = 183 - p. Let z(t) = -t**3 - 169*t**2 - 158*t + 1690. Calculate the remainder when u is divided by z(-168).
9
Let h be (-5)/6*-20 + 4/(-6). Suppose -3*g + 70 = h. What is the remainder when 34 is divided by g?
16
Calculate the remainder when 189 is divided by 50 - (12 + (-22 - -11)).
42
Let t be (-4)/(-14) + 296/(-7). What is the remainder when (2 + 0)*2 - -21 is divided by (-7)/t - 89/(-6)?
10
Let j = 455 - 430. Suppose 96*f - 4476 = 84*f. What is the remainder when f is divided by j?
23
Let b(c) = 5*c + 1. Let a be b(-1). Let f be (-1)/1*(a - -1). Suppose 4*y - 75 = -f*g, -4*y - 23 + 93 = -2*g. What is the remainder when 33 is divided by y?
15
Suppose 84*l = 25*l - 63*l + 86742. Calculate the remainder when l is divided by 14.
11
Let i = -982 + 1590. Calculate the remainder when i is divided by 165.
113
Let c(v) = -v**2 + 12*v - 28. Let o be c(4). Suppose -3*b + 2*p - 48 = -7*b, 0 = o*b + 3*p - 44. Calculate the remainder when b is divided by 8.
6
Suppose -2460 = -4*o + 2*l, -34*o = -29*o - 3*l - 3074. Suppose 25*q = 33*q - o. What is the remainder when 150 is divided by q?
73
Suppose 26*t - 13 = 24*t + 3*f, -3*t + 3*f + 15 = 0. What is the remainder when 14/28 + -2 + 37/t is divided by 3 - (1 + 2/(-1))?
1
Suppose 0 = 116761*q - 116859*q + 17346. Let o(a) = a**3 - 3*a**2 + 6*a - 2. Calculate the remainder when q is divided by o(5).
21
Suppose -p = 9 + 8. Suppose 390*h = 398*h - 360. Calculate the remainder when h is divided by (p/(-3))/((-1)/(-3)).
11
Suppose -5*j + 1 = -14. Let i be (1 + -5)/(-2)*60. What is the remainder when (j/6)/(2/i) is divided by 17?
13
Let i(n) = 2*n**2 + n - 15. Let k be i(-4). Suppose 0 = -k*l + 9*l + 104. Calculate the remainder when 126 is divided by l.
22
Suppose -5*f + 3*f = -2*j + 8, 3*j + 2*f = 12. Suppose -467 = -j*q - 5*x + 136, 0 = -3*q - 5*x + 451. Calculate the remainder when q is divided by 11.
9
Let b(d) = -5*d**2 + 105*d + 43. Calculate the remainder when b(18) is divided by 112.
89
Suppose 0 = -4*v + u + 11, 2*u + 21 - 17 = -v. Suppose v*o - 3 = -s, -2*o - 3*s + 192 = 195. What is the remainder when 2/((2 - 0)/4) is divided by o?
1
Let v be (-84)/16 - (-9)/(-12). Suppose -64 = -3*k + 17. What is the remainder when (-8)/(160/(-2135)) + v/8 is divided by k?
25
Let c = 11173 + -10336. Calculate the remainder when c is divided by 119.
4
Let s be -8 - (-16)/4 - -11 - -1. Suppose 0*j = q + 5*j + 42, s = -2*j. Let m = q + 34. What is the remainder when m is divided by 8?
4
Let m(n) be the first derivative of -n**4/4 + 20*n**3/3 - 25*n**2/2 + 133*n + 183. Calculate the remainder when 414 is divided by m(19).
15
Let x(o) = -16*o - 25 + o**3 + 11*o**2 - 23*o + 32*o. Let k be x(-10). Calculate the remainder when (1 - -4)*667/k is divided by 6.
5
Let q = 12 + -10. Calculate the remainder when (4/(-10))/(q/(-670)) is divided by (1 - -45) + -8 + 1 + 7.
42
Let w(b) = 7*b + 2*b - 11 - 3 - 5 + 0*b. Calculate the remainder when w(8) is divided by 14.
11
What is the remainder when 2911 is divided by (-14399)/(-1694) + -1 + (1 - 6/4)?
6
Let v be (5*6/50)/(1/5). Calculate the remainder when 142 is divided by (v - 45/35)*21.
34
Let z(t) = t**3 - 77*t**2 - 245*t + 705. What is the remainder when z(80) is divided by 4/(-10) + (-284)/(-10)?
25
Let w(j) be the first derivative of 2*j**2 - 22*j + 215. Calculate the remainder when 375 is divided by w(9).
11
What is the remainder when 628 is divided by (1 - 3/(-2))*(-24444)/(-485)?
124
Let k(u) = u**3 - 6*u**2 + 192*u - 1336. What is the remainder when 619 is divided by k(7)?
49
Suppose -4*y + 5*p = -2431 - 2397, 4*y = 2*p + 4816. Calculate the remainder when y is divided by 39.
32
Suppose -133*d + 131*d = -172. What is the remainder when 676 is divided by d?
74
Let u = 44 + -39. Suppose d - 530 = -u*m, 0 = 6*m - 9*m + d + 310. What is the remainder when m is divided by 11?
6
Let x be 2 + (1 - -1) - (2 - 81). Let i = -34 + x. Suppose -g = -3*m + 302, -2*m - 2*g = -261 + i. Calculate the remainder when m is divided by 15.
12
Suppose 188 - 6 = 7*r. Let z = r + -23. Suppose b - 5 - 12 = i, -z*b = 3*i - 75. What is the remainder when b is divided by 6?
3
Calculate the remainder when 265/(44/(-24)*(-69)/253) is divided by 221.
88
Let u(o) = -5*o + 20. Let q be u(8). Let p = 22 + q. Calculate the remainder when 4 - 1 - p - -30 is divided by 8.
7
Suppose -9*f - 1812 = -89*f + 10108. Let r(x) = x**3 + 2*x**2 - 5*x - 1. What is the remainder when f is divided by r(4)?
74
Suppose 0*q + 2*q + 84 = 0. Let z = 50 + q. Let h = 0 - -3. Calculate the remainder when z is divided by h.
2
Calculate the remainder when 521 is divided by 3/12 + 19/(228/693).
57
Suppose 90 - 60 = -10*h. What is the remainder when 1*h/12*-4 + 314 is divided by 53?
50
Let v be (135/(-36) + 3)/((-1)/4). Let n = -11 - -11. Suppose 60 = 5*z - v*c - 0*c, -4*z + 2*c + 48 = n. What is the remainder when 59 is divided by z?
11
Let s be (-3280)/(-14) + (-6)/21. Suppose -3*k - 172 = l, 0*l - 5*k = -2*l - 289. Let t = l + s. Calculate the remainder when t is divided by 20.
17
Calculate the remainder when 1538 is divided by 2*-6 - 6*2528/(-192).
64
Suppose -652*x + 663*x = 3080. Calculate the remainder when x is divided by 99.
82
Suppose -13*y - 1673 = -3896. What is the remainder when y is divided by 161?
10
Let l be (-4)/6*(-4 - -10). Let u be l + (9/(-3) - 23). Let o = 37 + u. Calculate the remainder when 20 is divided by o.
6
Suppose -o = -5*t + 3*o + 120, 2*t - 30 = -2*o. Let k be (285/t + 0)*(-16)/(-6). Let z = k - 28. Calculate the remainder when 47 is divided by z.
7
Suppose 4*n - q = -5 + 8, 27 = n + 5*q. Suppose n*s + 185 = 1333. Calculate the remainder when 10/40 + (s/8 - 2) is divided by 9.
7
Let r(p) = 2*p**2 - p - 37. Let u be r(-5). Let a = u + -4. Calculate the remainder when 117 is divided by a.
5
Suppose -21*g + 418 = 17*g. Suppose g*p = 19*p - 1528. Calculate the remainder when p is divided by 64.
63
Let i(m) = -161*m**3 + m**2 - m - 2. Let n(p) = -11*p**2 + 275*p + 24. What is the remainder when i(-1) is divided by n(25)?
17
Let m(h) = -3*h + 1. Let x = -18 + 12. Let j = -7 + 43. Calculate the remainder when j is divided by m(x).
17
Suppose 43*q + 47*q - 110*q + 3120 = 0. Let f = -24 - -47. Calculate the remainder when q is divided by f.
18
Suppose -24*m - 25 = -29*m. Suppose b + 52 = m*u + 4*b, 0 = -b - 1. What is the remainder when 17 is divided by u?
6
Let u(v) = 2*v**2 - 16*v - 10. Let c be u(9). Let y(k) = 3*k**2 - 27*k + 78. What is the remainder when 159 is divided by y(c)?
51
What is the remainder when 1078 is divided by (-360)/(-4140) + 1447/23?
7
Suppose -388*u + 12567 = 108*u + 312*u - 6825. Let k = -16 - -29. What is the remainder when u is divided by k?
11
Let m(r) = 6*r**2 - 2*r - 1. Suppose -4*p = -8*d + 9*d - 5, 4*p = 2*d + 14. What is the remainder when 168 is divided by m(p)?
16
Suppose -960 + 944 = -8*y. What is the r